{"id":10792,"date":"2007-06-15T13:15:04","date_gmt":"2007-06-15T10:15:04","guid":{"rendered":"https:\/\/kvarken.org\/projekt\/short-cut-system-broar-och-tunnlar-i-europa\/"},"modified":"2021-06-15T13:34:14","modified_gmt":"2021-06-15T10:34:14","slug":"short-cut-system-broar-och-tunnlar-i-europa","status":"publish","type":"projekt","link":"https:\/\/www.kvarken.org\/fi\/hankkeet\/short-cut-system-broar-och-tunnlar-i-europa\/","title":{"rendered":"Short cut system &#8211; Sillat ja tunnelit Euroopassa"},"content":{"rendered":"","protected":false},"excerpt":{"rendered":"<p>T\u00e4m\u00e4 raportti on kirjoitettu hankkeen hankkeen Kvarken \u2013 short cut system puitteissa. Hankkeen tarkoituksena oli kehitt\u00e4\u00e4 \u201dMerenkurkku \u2013 short cut system\u201d \u2013reitti\u00e4 eurooppalaiseksi liikennev\u00e4yl\u00e4ksi ja laatia liikennevisio, joka luo edellytyksi\u00e4 alueelliselle ja raja-alueelliselle kehitykselle. Hanke p\u00e4\u00e4ttyi 15.10.2012<\/p>\n","protected":false},"featured_media":0,"template":"","meta":{"_acf_changed":false,"_et_pb_use_builder":"","_et_pb_old_content":"","_et_gb_content_width":""},"projektstatus":[28],"amnen":[56],"flagship_status":[103],"class_list":["post-10792","projekt","type-projekt","status-publish","hentry","projektstatus-hankeraportit","amnen-infrastruktuuri","flagship_status-ej-flagship-fi"],"acf":[],"yoast_head":"<!-- This site is optimized with the Yoast SEO plugin v27.4 - https:\/\/yoast.com\/product\/yoast-seo-wordpress\/ -->\n<title>Short cut system - Sillat ja tunnelit Euroopassa - Kvarkenr\u00e5det<\/title>\n<meta name=\"robots\" content=\"index, follow, max-snippet:-1, max-image-preview:large, max-video-preview:-1\" \/>\n<link rel=\"canonical\" href=\"https:\/\/www.kvarken.org\/fi\/hankkeet\/short-cut-system-broar-och-tunnlar-i-europa\/\" \/>\n<meta property=\"og:locale\" content=\"fi_FI\" \/>\n<meta property=\"og:type\" content=\"article\" \/>\n<meta property=\"og:title\" content=\"Short cut system - Sillat ja tunnelit Euroopassa - Kvarkenr\u00e5det\" \/>\n<meta property=\"og:description\" content=\"T\u00e4m\u00e4 raportti on kirjoitettu hankkeen hankkeen Kvarken \u2013 short cut system puitteissa. Hankkeen tarkoituksena oli kehitt\u00e4\u00e4 \u201dMerenkurkku \u2013 short cut system\u201d \u2013reitti\u00e4 eurooppalaiseksi liikennev\u00e4yl\u00e4ksi ja laatia liikennevisio, joka luo edellytyksi\u00e4 alueelliselle ja raja-alueelliselle kehitykselle. Hanke p\u00e4\u00e4ttyi 15.10.2012\" \/>\n<meta property=\"og:url\" content=\"https:\/\/www.kvarken.org\/fi\/hankkeet\/short-cut-system-broar-och-tunnlar-i-europa\/\" \/>\n<meta property=\"og:site_name\" content=\"Kvarkenr\u00e5det\" \/>\n<meta property=\"article:modified_time\" content=\"2021-06-15T10:34:14+00:00\" \/>\n<meta name=\"twitter:card\" content=\"summary_large_image\" \/>\n<script type=\"application\/ld+json\" class=\"yoast-schema-graph\">{\"@context\":\"https:\\\/\\\/schema.org\",\"@graph\":[{\"@type\":\"WebPage\",\"@id\":\"https:\\\/\\\/www.kvarken.org\\\/fi\\\/hankkeet\\\/short-cut-system-broar-och-tunnlar-i-europa\\\/\",\"url\":\"https:\\\/\\\/www.kvarken.org\\\/fi\\\/hankkeet\\\/short-cut-system-broar-och-tunnlar-i-europa\\\/\",\"name\":\"Short cut system - Sillat ja tunnelit Euroopassa - Kvarkenr\u00e5det\",\"isPartOf\":{\"@id\":\"https:\\\/\\\/www.kvarken.org\\\/fi\\\/#website\"},\"datePublished\":\"2007-06-15T10:15:04+00:00\",\"dateModified\":\"2021-06-15T10:34:14+00:00\",\"breadcrumb\":{\"@id\":\"https:\\\/\\\/www.kvarken.org\\\/fi\\\/hankkeet\\\/short-cut-system-broar-och-tunnlar-i-europa\\\/#breadcrumb\"},\"inLanguage\":\"fi\",\"potentialAction\":[{\"@type\":\"ReadAction\",\"target\":[\"https:\\\/\\\/www.kvarken.org\\\/fi\\\/hankkeet\\\/short-cut-system-broar-och-tunnlar-i-europa\\\/\"]}]},{\"@type\":\"BreadcrumbList\",\"@id\":\"https:\\\/\\\/www.kvarken.org\\\/fi\\\/hankkeet\\\/short-cut-system-broar-och-tunnlar-i-europa\\\/#breadcrumb\",\"itemListElement\":[{\"@type\":\"ListItem\",\"position\":1,\"name\":\"Hem\",\"item\":\"https:\\\/\\\/www.kvarken.org\\\/fi\\\/\"},{\"@type\":\"ListItem\",\"position\":2,\"name\":\"Hanke\",\"item\":\"https:\\\/\\\/www.kvarken.org\\\/fi\\\/hankkeet\\\/\"},{\"@type\":\"ListItem\",\"position\":3,\"name\":\"Short cut system &#8211; Sillat ja tunnelit Euroopassa\"}]},{\"@type\":\"WebSite\",\"@id\":\"https:\\\/\\\/www.kvarken.org\\\/fi\\\/#website\",\"url\":\"https:\\\/\\\/www.kvarken.org\\\/fi\\\/\",\"name\":\"Kvarkenr\u00e5det\",\"description\":\"\",\"potentialAction\":[{\"@type\":\"SearchAction\",\"target\":{\"@type\":\"EntryPoint\",\"urlTemplate\":\"https:\\\/\\\/www.kvarken.org\\\/fi\\\/?s={search_term_string}\"},\"query-input\":{\"@type\":\"PropertyValueSpecification\",\"valueRequired\":true,\"valueName\":\"search_term_string\"}}],\"inLanguage\":\"fi\"}]}<\/script>\n<!-- \/ Yoast SEO plugin. -->","yoast_head_json":{"title":"Short cut system - Sillat ja tunnelit Euroopassa - Kvarkenr\u00e5det","robots":{"index":"index","follow":"follow","max-snippet":"max-snippet:-1","max-image-preview":"max-image-preview:large","max-video-preview":"max-video-preview:-1"},"canonical":"https:\/\/www.kvarken.org\/fi\/hankkeet\/short-cut-system-broar-och-tunnlar-i-europa\/","og_locale":"fi_FI","og_type":"article","og_title":"Short cut system - Sillat ja tunnelit Euroopassa - Kvarkenr\u00e5det","og_description":"T\u00e4m\u00e4 raportti on kirjoitettu hankkeen hankkeen Kvarken \u2013 short cut system puitteissa. Hankkeen tarkoituksena oli kehitt\u00e4\u00e4 \u201dMerenkurkku \u2013 short cut system\u201d \u2013reitti\u00e4 eurooppalaiseksi liikennev\u00e4yl\u00e4ksi ja laatia liikennevisio, joka luo edellytyksi\u00e4 alueelliselle ja raja-alueelliselle kehitykselle. Hanke p\u00e4\u00e4ttyi 15.10.2012","og_url":"https:\/\/www.kvarken.org\/fi\/hankkeet\/short-cut-system-broar-och-tunnlar-i-europa\/","og_site_name":"Kvarkenr\u00e5det","article_modified_time":"2021-06-15T10:34:14+00:00","twitter_card":"summary_large_image","schema":{"@context":"https:\/\/schema.org","@graph":[{"@type":"WebPage","@id":"https:\/\/www.kvarken.org\/fi\/hankkeet\/short-cut-system-broar-och-tunnlar-i-europa\/","url":"https:\/\/www.kvarken.org\/fi\/hankkeet\/short-cut-system-broar-och-tunnlar-i-europa\/","name":"Short cut system - Sillat ja tunnelit Euroopassa - Kvarkenr\u00e5det","isPartOf":{"@id":"https:\/\/www.kvarken.org\/fi\/#website"},"datePublished":"2007-06-15T10:15:04+00:00","dateModified":"2021-06-15T10:34:14+00:00","breadcrumb":{"@id":"https:\/\/www.kvarken.org\/fi\/hankkeet\/short-cut-system-broar-och-tunnlar-i-europa\/#breadcrumb"},"inLanguage":"fi","potentialAction":[{"@type":"ReadAction","target":["https:\/\/www.kvarken.org\/fi\/hankkeet\/short-cut-system-broar-och-tunnlar-i-europa\/"]}]},{"@type":"BreadcrumbList","@id":"https:\/\/www.kvarken.org\/fi\/hankkeet\/short-cut-system-broar-och-tunnlar-i-europa\/#breadcrumb","itemListElement":[{"@type":"ListItem","position":1,"name":"Hem","item":"https:\/\/www.kvarken.org\/fi\/"},{"@type":"ListItem","position":2,"name":"Hanke","item":"https:\/\/www.kvarken.org\/fi\/hankkeet\/"},{"@type":"ListItem","position":3,"name":"Short cut system &#8211; Sillat ja tunnelit Euroopassa"}]},{"@type":"WebSite","@id":"https:\/\/www.kvarken.org\/fi\/#website","url":"https:\/\/www.kvarken.org\/fi\/","name":"Kvarkenr\u00e5det","description":"","potentialAction":[{"@type":"SearchAction","target":{"@type":"EntryPoint","urlTemplate":"https:\/\/www.kvarken.org\/fi\/?s={search_term_string}"},"query-input":{"@type":"PropertyValueSpecification","valueRequired":true,"valueName":"search_term_string"}}],"inLanguage":"fi"}]}},"_links":{"self":[{"href":"https:\/\/www.kvarken.org\/fi\/wp-json\/wp\/v2\/projekt\/10792","targetHints":{"allow":["GET"]}}],"collection":[{"href":"https:\/\/www.kvarken.org\/fi\/wp-json\/wp\/v2\/projekt"}],"about":[{"href":"https:\/\/www.kvarken.org\/fi\/wp-json\/wp\/v2\/types\/projekt"}],"wp:attachment":[{"href":"https:\/\/www.kvarken.org\/fi\/wp-json\/wp\/v2\/media?parent=10792"}],"wp:term":[{"taxonomy":"projektstatus","embeddable":true,"href":"https:\/\/www.kvarken.org\/fi\/wp-json\/wp\/v2\/projektstatus?post=10792"},{"taxonomy":"amnen","embeddable":true,"href":"https:\/\/www.kvarken.org\/fi\/wp-json\/wp\/v2\/amnen?post=10792"},{"taxonomy":"flagship_status","embeddable":true,"href":"https:\/\/www.kvarken.org\/fi\/wp-json\/wp\/v2\/flagship_status?post=10792"}],"curies":[{"name":"wp","href":"https:\/\/api.w.org\/{rel}","templated":true}]}}

<p>Tämä raportti on kirjoitettu hankkeen hankkeen Kvarken – short cut system puitteissa. Hankkeen tarkoituksena oli kehittää ”Merenkurkku – short cut system” –reittiä eurooppalaiseksi liikenneväyläksi ja laatia liikennevisio, joka luo edellytyksiä alueelliselle ja raja-alueelliselle kehitykselle. Hanke päättyi 15.10.2012</p>

<!-- This site is optimized with the Yoast SEO plugin v27.4 - https://yoast.com/product/yoast-seo-wordpress/ -->
<title>Short cut system - Sillat ja tunnelit Euroopassa - Kvarkenrådet</title>
<meta name="robots" content="index, follow, max-snippet:-1, max-image-preview:large, max-video-preview:-1" />
<link rel="canonical" href="https://www.kvarken.org/fi/hankkeet/short-cut-system-broar-och-tunnlar-i-europa/" />
<meta property="og:locale" content="fi_FI" />
<meta property="og:type" content="article" />
<meta property="og:title" content="Short cut system - Sillat ja tunnelit Euroopassa - Kvarkenrådet" />
<meta property="og:description" content="Tämä raportti on kirjoitettu hankkeen hankkeen Kvarken – short cut system puitteissa. Hankkeen tarkoituksena oli kehittää ”Merenkurkku – short cut system” –reittiä eurooppalaiseksi liikenneväyläksi ja laatia liikennevisio, joka luo edellytyksiä alueelliselle ja raja-alueelliselle kehitykselle. Hanke päättyi 15.10.2012" />
<meta property="og:url" content="https://www.kvarken.org/fi/hankkeet/short-cut-system-broar-och-tunnlar-i-europa/" />
<meta property="og:site_name" content="Kvarkenrådet" />
<meta property="article:modified_time" content="2021-06-15T10:34:14+00:00" />
<meta name="twitter:card" content="summary_large_image" />
<script type="application/ld+json" class="yoast-schema-graph">{"@context":"https:\/\/schema.org","@graph":[{"@type":"WebPage","@id":"https:\/\/www.kvarken.org\/fi\/hankkeet\/short-cut-system-broar-och-tunnlar-i-europa\/","url":"https:\/\/www.kvarken.org\/fi\/hankkeet\/short-cut-system-broar-och-tunnlar-i-europa\/","name":"Short cut system - Sillat ja tunnelit Euroopassa - Kvarkenrådet","isPartOf":{"@id":"https:\/\/www.kvarken.org\/fi\/#website"},"datePublished":"2007-06-15T10:15:04+00:00","dateModified":"2021-06-15T10:34:14+00:00","breadcrumb":{"@id":"https:\/\/www.kvarken.org\/fi\/hankkeet\/short-cut-system-broar-och-tunnlar-i-europa\/#breadcrumb"},"inLanguage":"fi","potentialAction":[{"@type":"ReadAction","target":["https:\/\/www.kvarken.org\/fi\/hankkeet\/short-cut-system-broar-och-tunnlar-i-europa\/"]}]},{"@type":"BreadcrumbList","@id":"https:\/\/www.kvarken.org\/fi\/hankkeet\/short-cut-system-broar-och-tunnlar-i-europa\/#breadcrumb","itemListElement":[{"@type":"ListItem","position":1,"name":"Hem","item":"https:\/\/www.kvarken.org\/fi\/"},{"@type":"ListItem","position":2,"name":"Hanke","item":"https:\/\/www.kvarken.org\/fi\/hankkeet\/"},{"@type":"ListItem","position":3,"name":"Short cut system &#8211; Sillat ja tunnelit Euroopassa"}]},{"@type":"WebSite","@id":"https:\/\/www.kvarken.org\/fi\/#website","url":"https:\/\/www.kvarken.org\/fi\/","name":"Kvarkenrådet","description":"","potentialAction":[{"@type":"SearchAction","target":{"@type":"EntryPoint","urlTemplate":"https:\/\/www.kvarken.org\/fi\/?s={search_term_string}"},"query-input":{"@type":"PropertyValueSpecification","valueRequired":true,"valueName":"search_term_string"}}],"inLanguage":"fi"}]}</script>
<!-- / Yoast SEO plugin. -->

Short cut system - Sillat ja tunnelit Euroopassa - Kvarkenrådet

Tämä raportti on kirjoitettu hankkeen hankkeen Kvarken – short cut system puitteissa. Hankkeen tarkoituksena oli kehittää ”Merenkurkku – short cut system” –reittiä eurooppalaiseksi liikenneväyläksi ja laatia liikennevisio, joka luo edellytyksiä alueelliselle ja raja-alueelliselle kehitykselle. Hanke päättyi 15.10.2012

Kvarkenrådet
